lse
Is 332515783 a prime number?
True
Is 206610533 prime?
True
Is 2760620723 prime?
False
Is 1649325371 composite?
True
Is 3584328931 prime?
False
Is 185426237 composite?
True
Is 635271991 composite?
False
Is 34254406729 a prime number?
False
Is 5248147253 a composite number?
True
Is 79286743 a composite number?
True
Is 50826693677 prime?
True
Is 17078035313 a prime number?
False
Is 15921761861 prime?
True
Is 1777275517 a prime number?
True
Is 7965130403 composite?
False
Is 258695741 a composite number?
False
Is 4236490871 composite?
False
Is 25515169871 a composite number?
True
Is 72879239 composite?
False
Is 1746336665 composite?
True
Is 34156255547 a composite number?
True
Is 3787529077 a composite number?
True
Is 20925069839 a prime number?
False
Is 3863224913 composite?
True
Is 686043257 a prime number?
False
Is 692613511 a prime number?
True
Is 127613581 composite?
False
Is 1216831669 a composite number?
True
Is 3300975467 composite?
True
Is 174515266489 a prime number?
True
Is 3600111689 prime?
False
Is 2704481569 a prime number?
True
Is 3565324969 a composite number?
False
Is 114256015559 composite?
True
Is 495267239 a prime number?
False
Is 1132420229 a composite number?
False
Is 7873875491 composite?
False
Is 14802398467 a composite number?
True
Is 10152268201 a composite number?
True
Is 37787381999 composite?
True
Is 201430393 composite?
False
Is 615235681 prime?
True
Is 1497802607 composite?
True
Is 22128550699 a prime number?
True
Is 612153721 composite?
True
Is 230374477 a composite number?
False
Is 28690797379 a prime number?
False
Is 1184521633 prime?
False
Is 1042894285 composite?
True
Is 41825491427 composite?
True
Is 10317968983 a composite number?
True
Is 10507909823 a prime number?
False
Is 2574781387 a composite number?
True
Is 805154117 a composite number?
True
Is 172538299 prime?
False
Is 2033307511 a composite number?
False
Is 84220125181 a composite number?
True
Is 3717283231 prime?
False
Is 54106820767 prime?
True
Is 29330909473 prime?
False
Is 9795026299 a composite number?
True
Is 13509876073 a prime number?
True
Is 81066671093 composite?
False
Is 161482369 composite?
False
Is 252111253 prime?
True
Is 29912711057 a prime number?
False
Is 2001701939 prime?
True
Is 14348004373 a prime number?
False
Is 121419269 composite?
False
Is 19755364613 a prime number?
True
Is 4319050013 a composite number?
True
Is 13287536645 composite?
True
Is 28745215427 a composite number?
True
Is 2778876671 a prime number?
False
Is 126450013 composite?
False
Is 354284365 a prime number?
False
Is 2237469211 a prime number?
True
Is 867249199 prime?
True
Is 553961267 a composite number?
True
Is 122118383 a composite number?
False
Is 1775676039 a composite number?
True
Is 9000397643 composite?
True
Is 59074625521 a prime number?
True
Is 10946582961 a composite number?
True
Is 10826808079 a prime number?
False
Is 288066967 prime?
True
Is 29244735983 composite?
False
Is 10873582679 composite?
False
Is 13031234123 composite?
False
Is 104195549953 a prime number?
False
Is 2829037313 prime?
False
Is 4095854783 composite?
False
Is 78482880183 composite?
True
Is 4272503399 composite?
False
Is 801693091 a composite number?
False
Is 519144077 prime?
False
Is 54898730437 a composite number?
True
Is 37658220941 a prime number?
False
Is 10638167185 prime?
False
Is 920440111 prime?
False
Is 2824727995 a prime number?
False
Is 138529151 composite?
False
Is 76323672439 a prime number?
False
Is 747867947 composite?
True
Is 785993429 a prime number?
False
Is 97165433347 a composite number?
False
Is 606287783 a prime number?
False
Is 951207701 composite?
False
Is 144799493 prime?
True
Is 110688831779 a composite number?
False
Is 84514051 composite?
False
Is 2140019719 a prime number?
False
Is 22034887723 a prime number?
True
Is 2103613415 composite?
True
Is 7853070359 composite?
False
Is 2649571403 a prime number?
False
Is 161087666 a prime number?
False
Is 7587132621 a prime number?
False
Is 21739079129 a prime number?
True
Is 13969124119 a prime number?
True
Is 1523574259 a composite number?
True
Is 1013536213 a composite number?
True
Is 129394283 a composite number?
False
Is 24011524099 a prime number?
False
Is 17498879479 composite?
False
Is 3624905371 a composite number?
False
Is 32539673611 composite?
True
Is 33182860637 a composite number?
False
Is 27168277 a composite number?
True
Is 418178339 a composite number?
True
Is 29147574499 composite?
False
Is 337825962817 a composite number?
True
Is 4801699031 prime?
True
Is 28077256007 a composite number?
False
Is 23337169 prime?
True
Is 407080541 a prime number?
False
Is 404838503 prime?
True
Is 477551069 a composite number?
True
Is 1389786113 a prime number?
False
Is 248002277 composite?
False
Is 3479926517 a prime number?
False
Is 658810387 a prime number?
True
Is 847346018 a composite number?
True
Is 27578499029 a composite number?
False
Is 1662025777 a prime number?
True
Is 17005119881 prime?
False
Is 7058283 a prime number?
False
Is 19233604933 a composite number?
False
Is 30711288427 a composite number?
True
Is 1626711223 a prime number?
False
Is 1147350569 prime?
True
Is 2079748333 a composite number?
True
Is 6216923969 a composite number?
False
Is 2822189441 a composite number?
True
Is 10393933369 prime?
True
Is 49865046767 a prime number?
False
Is 5616587 a composite number?
False
Is 1572366253 a composite number?
False
Is 1398707267 prime?
True
Is 1007727629 a composite number?
True
Is 3377482219 a prime number?
False
Is 864426929 prime?
True
Is 9233127361 prime?
False
Is 4446959617 composite?
True
Is 12296833 composite?
False
Is 12683727413 composite?
True
Is 1321138801 prime?
True
Is 3719306861 a composite number?
False
Is 6736055119 a prime number?
True
Is 2238599041 a composite number?
True
Is 5345202827 a composite number?
False
Is 7405510631 composite?
False
Is 582463549 prime?
True
Is 16247912497 a prime number?
True
Is 15087006887 a composite number?
True
Is 4166825081 a prime number?
False
Is 14784453809 composite?
True
Is 36823031 a composite number?
True
Is 25936231 composite?
True
Is 160958463711 composite?
True
Is 2262754187 a composite number?
True
Is 1581944857 a composite number?
True
Is 2809810697 a composite number?
False
Is 18225820447 a prime number?
True
Is 354245093 a composite number?
True
Is 4889896163 a composite number?
True
Is 1337220767 a prime number?
True
Is 1283003195 a composite number?
True
Is 1453319743 prime?
False
Is 12245552357 a prime number?
False
Is 137890547 a composite number?
True
Is 747422471 prime?
True
Is 15396617699 prime?
True
Is 856257463 a composite number?
True
Is 34318717 prime?
True
Is 1556492837 a prime number?
True
Is 171742459 composite?
True
Is 3391726847 prime?
False
Is 24950921129 composite?
True
Is 72890693 prime?
False
Is 582329933 a prime number?
True
Is 3612714043 a composite number?
True
Is 901438133 a prime number?
True
Is 9224440591 prime?
False
Is 488686651 composite?
True
Is 13574561563 a prime number?
True
Is 822293611 composite?
False
Is 1170686981 composite?
True
Is 7377242419 prime?
True
Is 1881926086 prime?
False
Is 17541759331 prime?
False
Is 1531047641 prime?
True
Is 5776227767 a prime number?
True
Is 5383737907 prime?
False
Is 51032232161 prime?
True
Is 3417204859 a prime number?
True
Is 46676269967 prime?
False
Is 565321843 a composite number?
False
Is 86460297706 composite?
True
Is 207983086559 a prime number?
False
Is 448252381 a prime number?
True
Is 14069374601 composite?
False
Is 7922110327 a composite number?
True
Is 2093374201 a prime number?
False
Is 7038403217 a composite number?
False
Is 1274928467 prime?
True
Is 142876031 composite?
False
Is 999653318 prime?
False
Is 371246831 composite?
True
Is 166836655 composite?
True
Is 3488901083 a composite number?
False
Is 4261618687 composite?
True
Is 4812330403 prime?
False
Is 7449019951 prime?
True
Is 852788681 a prime number?
True
Is 305266868111 a composite number?
True
Is 81380643969 a composite number?
True
Is 2443697479 a composite number?
False
Is 22354434013 prime?
True
Is 12781229987 a prime number?
True
Is 1542880789 composite?
False
Is 12924830233 composite?
True
Is 293150536141 prime?
True
Is 7615595489 prime?
False
Is 689828045 prime?
False
Is 98557280